7801?
7
What is the tens digit of 935?
3
What is the hundreds digit of 9469?
4
What is the tens digit of 555?
5
What is the hundreds digit of 112?
1
What is the tens digit of 2320?
2
What is the tens digit of 4209?
0
What is the units digit of 6789?
9
What is the hundreds digit of 5327?
3
What is the ten thousands digit of 10026?
1
What is the tens digit of 1043?
4
What is the tens digit of 1658?
5
What is the thousands digit of 9441?
9
What is the hundreds digit of 423?
4
What is the units digit of 3418?
8
What is the units digit of 1270?
0
What is the thousands digit of 12806?
2
What is the units digit of 34556?
6
What is the units digit of 6920?
0
What is the ten thousands digit of 52929?
5
What is the hundreds digit of 106697?
6
What is the units digit of 947?
7
What is the tens digit of 3142?
4
What is the thousands digit of 8644?
8
What is the tens digit of 6068?
6
What is the tens digit of 1722?
2
What is the units digit of 1227?
7
What is the thousands digit of 29047?
9
What is the ten thousands digit of 179017?
7
What is the hundreds digit of 10861?
8
What is the hundreds digit of 5066?
0
What is the hundreds digit of 875?
8
What is the hundreds digit of 11363?
3
What is the thousands digit of 20278?
0
What is the hundreds digit of 26956?
9
What is the units digit of 960?
0
What is the hundreds digit of 42186?
1
What is the tens digit of 517?
1
What is the thousands digit of 4677?
4
What is the thousands digit of 1656?
1
What is the units digit of 5008?
8
What is the hundreds digit of 425?
4
What is the thousands digit of 32967?
2
What is the hundreds digit of 30975?
9
What is the hundreds digit of 464?
4
What is the ten thousands digit of 26601?
2
What is the tens digit of 61149?
4
What is the units digit of 24343?
3
What is the tens digit of 292?
9
What is the thousands digit of 14761?
4
What is the tens digit of 3383?
8
What is the thousands digit of 3224?
3
What is the tens digit of 4511?
1
What is the units digit of 4675?
5
What is the thousands digit of 40375?
0
What is the tens digit of 624?
2
What is the hundreds digit of 60614?
6
What is the hundreds digit of 762?
7
What is the hundreds digit of 5275?
2
What is the units digit of 3865?
5
What is the thousands digit of 73171?
3
What is the thousands digit of 4212?
4
What is the units digit of 601?
1
What is the tens digit of 3276?
7
What is the thousands digit of 8321?
8
What is the hundreds digit of 473?
4
What is the hundreds digit of 5382?
3
What is the hundreds digit of 1558?
5
What is the tens digit of 108183?
8
What is the thousands digit of 4413?
4
What is the tens digit of 6115?
1
What is the hundreds digit of 9929?
9
What is the units digit of 932?
2
What is the thousands digit of 18133?
8
What is the tens digit of 1020?
2
What is the ten thousands digit of 12367?
1
What is the units digit of 1530?
0
What is the units digit of 22603?
3
What is the units digit of 27150?
0
What is the thousands digit of 6070?
6
What is the hundreds digit of 43627?
6
What is the units digit of 1469?
9
What is the units digit of 642?
2
What is the units digit of 29063?
3
What is the thousands digit of 17110?
7
What is the tens digit of 507?
0
What is the tens digit of 100572?
7
What is the units digit of 2310?
0
What is the thousands digit of 65647?
5
What is the units digit of 4322?
2
What is the tens digit of 24536?
3
What is the tens digit of 1029?
2
What is the thousands digit of 8091?
8
What is the units digit of 17068?
8
What is the hundreds digit of 366?
3
What is the units digit of 2455?
5
What is the tens digit of 4831?
3
What is the tens digit of 76?
7
What is the units digit of 2314?
4
What is the units digit of 2542?
2
What is the hundreds digit of 688?
6
What is the tens digit of 6535?
3
What is the tens digit of 7345?
4
What is the units digit of 289?
9
What is the hundreds digit of 3810?
8
What is the tens digit of 13458?
5
What is the tens digit of 12503?
0
What is the ten thousands digit of 47679?
4
What is the tens digit of 1485?
8
What is the tens digit of 496?
9
What is the thousands digit of 56249?
6
What is the units digit of 1509?
9
What is the units digit of 480?
0
What is the units digit of 5694?
4
What is the tens digit of 1049?
4
What is the hundreds digit of 327?
3
What is the ten thousands digit of 27528?
2
What is the tens digit of 2516?
1
What is the units digit of 1008?
8
What is the units digit of 691?
1
What is the hundreds digit of 528?
5
What is the units digit of 7366?
6
What is the tens digit of 65234?
3
What is the thousands digit of 9492?
9
What is the hundreds digit of 1528?
5
What is the hundreds digit of 25295?
2
What is the tens digit of 529?
2
What is the tens digit of 25374?
7
What is the hundreds digit of 1456?
4
What is the hundreds digit of 828?
8
What is the thousands digit of 2940?
2
What is the hundreds digit of 180?
1
What is the ten thousands digit of 57979?
5
What is the tens digit of 723?
2
What is the hundreds digit of 1314?
3
What is the hundreds digit of 4216?
2
What is the thousands digit of 3586?
3
What is the thousands digit of 1591?
1
What is the tens digit of 54?
5
What is the units digit of 508?
8
What is the units digit of 11819?
9
What is the thousands digit of 8283?
8
What is the thousands digit of 69964?
9
What is the hundreds digit of 35392?
3
What is the units digit of 22165?
5
What is the units digit of 20096?
6
What is the hundreds digit of 52439?
4
What is the thousands digit of 1668?
1
What is the units digit of 4980?
0
What is the hundreds digit of 53894?
8
What is the units digit of 735?
5
What is the thousands digit of 10812?
0
What is the units digit of 6805?
5
What is the units digit of 54253?
3
What is the tens digit of 1507?
0
What is the units digit of 4184?
4
What is the units digit of 4547?
7
What is the hundreds digit of 541?
5
What is the ten thousands digit of 45802?
4
What is the thousands digit of 1469?
1
What is the tens digit of 792?
9
What is the tens digit of 777?
7
What is the thousands digit of 2865?
2
What is the hundreds digit of 1094?
0
What is the hundreds digit of 915?
9
What is the units digit of 264?
4
What is the tens digit of 2564?
6
What is the thousands digit of 6312?
6
What is the tens digit of 852?
5
What is the units digit of 833?
3
What is the tens digit of 109?
0
What is the tens digit of 10656?
5
What is the units digit of 1208?
8
What is the tens digit of 2502?
0
What is the units digit of 10908?
8
What is the tens digit of 3938?
3
What is the units digit of 33481?
1
What is the units digit of 390?
0
What is the tens digit of 6247?
4
What is the hundreds digit of 33337?
3
What is the tens digit of 4165?
6
What is the units digit of 21524?
4
What is the tens digit of 12079?
7
What is the hundreds digit of 973?
9
What is the hundreds digit of 1774?
7
What is the units digit of 17029?
9
What is the thousands digit of 15832?
5
What is the hundreds digit of 1395?
3
What is the units digit of 1204?
4
What is the thousands digit of 11662?
1
What is the tens digit of 121?
2
What is the hundreds digit of 692?
6
What is the units digit of 7207?
7
What is the tens digit of 7810?
1
What is the tens digit of 9661?
6
What is the thousands digit of 7505?
7
What is the units digit of 697?
7
What is the tens digit of 58664?
6
What is the units digit of 350?
0
What is the units digit of 2488?
8
What is the units digit of 3906?
6
What is the hundreds digit of 2608?
6
What is the ten thousands digit of 25527?
2
What is the hundreds digit of 36433?
4
What is the ten thousands digit of 12401?
1
What is the units digit of 5520?
0
What is the units digit of 127?
7
What is the tens digit of 45?
4
What is the units digit of 3165?
5
What is the hundreds digit of 39054?
0
What is the hundreds digit of 12586?
5
What is the tens digit of 7634?
3
What is the tens digit of 822?
2
What is the thousands digit of 4681?
4
What is the thousands digit of 43327?
3
What is the hundreds digit of 173132?
1
What is the ten thousands digit of 55967?
5
What is the tens digit of 1582?
8
What is the hundreds digit of 596?
5
What is the units digit of 3528?
8
What is the units digit of 61161?
1
What is the units digit of 7390?
0
What is the ten thousands digit of 39733?
3
What is the thousands digit of 14464?
4
What is